{"id":16132,"date":"2025-05-05T20:26:28","date_gmt":"2025-05-05T20:26:28","guid":{"rendered":"https:\/\/www.nordenlor.ro\/?post_type=product&#038;p=16132"},"modified":"2025-05-26T07:56:26","modified_gmt":"2025-05-26T07:56:26","slug":"bramac-romana","status":"publish","type":"product","link":"https:\/\/nordenlor.ro\/?product=bramac-romana","title":{"rendered":"Bramac Romana"},"content":{"rendered":"","protected":false},"excerpt":{"rendered":"<p>Elegan\u021ba \u0219i sobrietatea sunt principalele atribute estetice ale \u021biglei Romana. Cu un profil pronun\u021bat \u0219i o suprafa\u021ba neted\u0103, \u021bigla Romana readuce \u00een prim-plan imaginea \u00eenvelitorilor tradi\u021bionale din sud, \u00eenvelitorile de olane. Acest model de \u021bigl\u0103 din beton este specific prin arcul masiv al profilului, care totodat\u0103 impune un caracter inconfundabil fiec\u0103rui acoperi\u0219.<\/p>\n<p>Sfatul nostru: La montarea \u0163iglei Romana Antic, recomand\u0103m amestecarea a trei sau patru pale\u0163i de \u0163igl\u0103, pentru ca acoperi\u015ful s\u0103 beneficieze de un aspect armonizat, ca de mozaic.<\/p>\n<p>Culorile existente \u00een portofoliu ro\u0219u c\u0103r\u0103miziu, maro, antracit \u0219i grafit beneficiaz\u0103 de protec\u021bia suprafa\u021bei Novo.<\/p>\n","protected":false},"featured_media":15850,"comment_status":"closed","ping_status":"closed","template":"","meta":[],"product_brand":[],"product_cat":[75],"product_tag":[],"class_list":{"0":"post-16132","1":"product","2":"type-product","3":"status-publish","4":"has-post-thumbnail","6":"product_cat-invelitori-de-beton","8":"first","9":"instock","10":"shipping-taxable","11":"product-type-simple"},"_links":{"self":[{"href":"https:\/\/nordenlor.ro\/index.php?rest_route=\/wp\/v2\/product\/16132","targetHints":{"allow":["GET"]}}],"collection":[{"href":"https:\/\/nordenlor.ro\/index.php?rest_route=\/wp\/v2\/product"}],"about":[{"href":"https:\/\/nordenlor.ro\/index.php?rest_route=\/wp\/v2\/types\/product"}],"replies":[{"embeddable":true,"href":"https:\/\/nordenlor.ro\/index.php?rest_route=%2Fwp%2Fv2%2Fcomments&post=16132"}],"version-history":[{"count":0,"href":"https:\/\/nordenlor.ro\/index.php?rest_route=\/wp\/v2\/product\/16132\/revisions"}],"wp:featuredmedia":[{"embeddable":true,"href":"https:\/\/nordenlor.ro\/index.php?rest_route=\/wp\/v2\/media\/15850"}],"wp:attachment":[{"href":"https:\/\/nordenlor.ro\/index.php?rest_route=%2Fwp%2Fv2%2Fmedia&parent=16132"}],"wp:term":[{"taxonomy":"product_brand","embeddable":true,"href":"https:\/\/nordenlor.ro\/index.php?rest_route=%2Fwp%2Fv2%2Fproduct_brand&post=16132"},{"taxonomy":"product_cat","embeddable":true,"href":"https:\/\/nordenlor.ro\/index.php?rest_route=%2Fwp%2Fv2%2Fproduct_cat&post=16132"},{"taxonomy":"product_tag","embeddable":true,"href":"https:\/\/nordenlor.ro\/index.php?rest_route=%2Fwp%2Fv2%2Fproduct_tag&post=16132"}],"curies":[{"name":"wp","href":"https:\/\/api.w.org\/{rel}","templated":true}]}}