{"id":16127,"date":"2025-05-05T20:26:28","date_gmt":"2025-05-05T20:26:28","guid":{"rendered":"https:\/\/www.nordenlor.ro\/?post_type=product&#038;p=16127"},"modified":"2025-05-16T07:28:57","modified_gmt":"2025-05-16T07:28:57","slug":"vata-fatada","status":"publish","type":"product","link":"https:\/\/nordenlor.ro\/?product=vata-fatada","title":{"rendered":"Vata fatada"},"content":{"rendered":"","protected":false},"excerpt":{"rendered":"<p class=\"\" data-start=\"78\" data-end=\"156\"><strong data-start=\"78\" data-end=\"156\">Vat\u0103 mineral\u0103 bazaltic\u0103 \u2013 izola\u021bie termic\u0103 \u0219i fonic\u0103 de \u00eenalt\u0103 performan\u021b\u0103<\/strong><\/p>\n<p class=\"\" data-start=\"158\" data-end=\"495\">Vata mineral\u0103 bazaltic\u0103 este un material izolator realizat din fibre naturale de bazalt, oferind o solu\u021bie eficient\u0103 pentru izola\u021bia termic\u0103, fonic\u0103 \u0219i protec\u021bia \u00eempotriva incendiilor. Datorit\u0103 structurii sale dense \u0219i poroase, asigur\u0103 o bun\u0103 capacitate de izolare \u0219i respirabilitate, men\u021bin\u00e2nd un mediu s\u0103n\u0103tos \u00een interiorul cl\u0103dirilor.<\/p>\n<p class=\"\" data-start=\"497\" data-end=\"687\"><strong data-start=\"497\" data-end=\"521\">Domenii de utilizare<\/strong><br data-start=\"521\" data-end=\"524\" \/>Este ideal\u0103 pentru termoizolarea pere\u021bilor, acoperi\u0219urilor, plan\u0219eelor \u0219i compartiment\u0103rilor, fiind potrivit\u0103 at\u00e2t pentru cl\u0103diri reziden\u021biale, c\u00e2t \u0219i industriale.<\/p>\n<p class=\"\" data-start=\"689\" data-end=\"1041\"><strong data-start=\"689\" data-end=\"712\">Avantaje principale<\/strong><br data-start=\"712\" data-end=\"715\" \/>Vata mineral\u0103 bazaltic\u0103 este rezistent\u0103 la foc, necombustibil\u0103, oferind siguran\u021b\u0103 sporit\u0103 \u00een caz de incendiu. Este u\u0219or de montat, are o bun\u0103 permeabilitate la vapori \u0219i asigur\u0103 o excelent\u0103 izolare fonic\u0103. Materialul este durabil, nu se deterioreaz\u0103 \u00een timp \u0219i contribuie semnificativ la eficien\u021ba energetic\u0103 a construc\u021biilor.<\/p>\n","protected":false},"featured_media":15840,"comment_status":"closed","ping_status":"closed","template":"","meta":[],"product_brand":[],"product_cat":[84],"product_tag":[],"class_list":{"0":"post-16127","1":"product","2":"type-product","3":"status-publish","4":"has-post-thumbnail","6":"product_cat-izolatii-interioare-si-exterioare","8":"first","9":"instock","10":"shipping-taxable","11":"product-type-simple"},"_links":{"self":[{"href":"https:\/\/nordenlor.ro\/index.php?rest_route=\/wp\/v2\/product\/16127","targetHints":{"allow":["GET"]}}],"collection":[{"href":"https:\/\/nordenlor.ro\/index.php?rest_route=\/wp\/v2\/product"}],"about":[{"href":"https:\/\/nordenlor.ro\/index.php?rest_route=\/wp\/v2\/types\/product"}],"replies":[{"embeddable":true,"href":"https:\/\/nordenlor.ro\/index.php?rest_route=%2Fwp%2Fv2%2Fcomments&post=16127"}],"version-history":[{"count":0,"href":"https:\/\/nordenlor.ro\/index.php?rest_route=\/wp\/v2\/product\/16127\/revisions"}],"wp:featuredmedia":[{"embeddable":true,"href":"https:\/\/nordenlor.ro\/index.php?rest_route=\/wp\/v2\/media\/15840"}],"wp:attachment":[{"href":"https:\/\/nordenlor.ro\/index.php?rest_route=%2Fwp%2Fv2%2Fmedia&parent=16127"}],"wp:term":[{"taxonomy":"product_brand","embeddable":true,"href":"https:\/\/nordenlor.ro\/index.php?rest_route=%2Fwp%2Fv2%2Fproduct_brand&post=16127"},{"taxonomy":"product_cat","embeddable":true,"href":"https:\/\/nordenlor.ro\/index.php?rest_route=%2Fwp%2Fv2%2Fproduct_cat&post=16127"},{"taxonomy":"product_tag","embeddable":true,"href":"https:\/\/nordenlor.ro\/index.php?rest_route=%2Fwp%2Fv2%2Fproduct_tag&post=16127"}],"curies":[{"name":"wp","href":"https:\/\/api.w.org\/{rel}","templated":true}]}}