{"id":16116,"date":"2025-05-05T20:26:27","date_gmt":"2025-05-05T20:26:27","guid":{"rendered":"https:\/\/www.nordenlor.ro\/?post_type=product&#038;p=16116"},"modified":"2025-05-05T20:26:29","modified_gmt":"2025-05-05T20:26:29","slug":"pavaj-leier-castrum","status":"publish","type":"product","link":"https:\/\/nordenlor.ro\/?product=pavaj-leier-castrum","title":{"rendered":"Pavaj Leier Castrum"},"content":{"rendered":"","protected":false},"excerpt":{"rendered":"<p>Gama de dale \u0219i pavele Leier este o combina\u021bie perfect\u0103 \u00eentre estetic\u0103 \u0219i func\u021bionalitate, aduc\u00e2nd un plus de valoare oric\u0103rui proiect de amenajare.<br \/>\nIndiferent dac\u0103 dori\u021bi s\u0103 crea\u021bi o teras\u0103 elegant\u0103, un drum de acces practic sau o zon\u0103 de relaxare \u00een gr\u0103din\u0103, gama de dale \u0219i pavele Leier v\u0103 ofer\u0103 solu\u021bii versatile \u0219i de \u00eencredere pentru a v\u0103 realiza viziunea. Alege\u021bi Leier pentru calitate \u0219i stil \u00een amenajarea exterioar\u0103 a spa\u021biului dumneavoastr\u0103! CASTRUM este un pavaj deosebit de versatil \u0219i elegant, potrivit spa\u021biilor cu destina\u021bii multiple: alei, trotuare, cur\u021bi, spa\u021bii pietonale, parcuri, pie\u021be \u0219i terase. Pavelele Castrum sunt realizate \u00een 5 nuan\u021be, fiecare nuan\u021b\u0103 av\u00e2nd c\u00e2te 7 dimensiuni de pl\u0103ci.<\/p>\n<p>Prin dispunerea pavelelor \u00een diferite moduri se pot crea modele de pavaj unic cu aspect natural.<\/p>\n<p>Culorile vibrante, naturale \u0219i subtil nuan\u021bate, jocul de lumini \u0219i umbre de pe suprafa\u021ba fin texturat\u0103 a pavelelor CASTRUM, aduc un plus de design \u00een amenajarea spa\u021biilor.<\/p>\n<p>Design-ul pavelelor Castrum permite crearea unor modele de pavaj unice, inspirate din natur\u0103, dar cu un twist dinamic care adaug\u0103 un farmec aparte oric\u0103rui mediu. Fie c\u0103 dori\u021bi s\u0103 crea\u021bi o teras\u0103 primitoare, o alee atr\u0103g\u0103toare sau un spa\u021biu de relaxare cu personalitate, Castrum este alegerea perfect\u0103.<\/p>\n<p>Culorile vibrante, naturale \u0219i subtil nuan\u021bate ale acestor pavele sunt precum o palet\u0103 artistic\u0103, acestea devin vii \u00een contact cu lumina soarelui sau cu jocul delicat al luminilor de sear\u0103. Astfel, fiecare spa\u021biu amenajat cu Castrum devine un adev\u0103rat loc de poveste.<\/p>\n","protected":false},"featured_media":15804,"comment_status":"closed","ping_status":"closed","template":"","meta":[],"product_brand":[],"product_cat":[78],"product_tag":[],"class_list":{"0":"post-16116","1":"product","2":"type-product","3":"status-publish","4":"has-post-thumbnail","6":"product_cat-pavaj","8":"first","9":"instock","10":"shipping-taxable","11":"product-type-simple"},"_links":{"self":[{"href":"https:\/\/nordenlor.ro\/index.php?rest_route=\/wp\/v2\/product\/16116","targetHints":{"allow":["GET"]}}],"collection":[{"href":"https:\/\/nordenlor.ro\/index.php?rest_route=\/wp\/v2\/product"}],"about":[{"href":"https:\/\/nordenlor.ro\/index.php?rest_route=\/wp\/v2\/types\/product"}],"replies":[{"embeddable":true,"href":"https:\/\/nordenlor.ro\/index.php?rest_route=%2Fwp%2Fv2%2Fcomments&post=16116"}],"version-history":[{"count":0,"href":"https:\/\/nordenlor.ro\/index.php?rest_route=\/wp\/v2\/product\/16116\/revisions"}],"wp:featuredmedia":[{"embeddable":true,"href":"https:\/\/nordenlor.ro\/index.php?rest_route=\/wp\/v2\/media\/15804"}],"wp:attachment":[{"href":"https:\/\/nordenlor.ro\/index.php?rest_route=%2Fwp%2Fv2%2Fmedia&parent=16116"}],"wp:term":[{"taxonomy":"product_brand","embeddable":true,"href":"https:\/\/nordenlor.ro\/index.php?rest_route=%2Fwp%2Fv2%2Fproduct_brand&post=16116"},{"taxonomy":"product_cat","embeddable":true,"href":"https:\/\/nordenlor.ro\/index.php?rest_route=%2Fwp%2Fv2%2Fproduct_cat&post=16116"},{"taxonomy":"product_tag","embeddable":true,"href":"https:\/\/nordenlor.ro\/index.php?rest_route=%2Fwp%2Fv2%2Fproduct_tag&post=16116"}],"curies":[{"name":"wp","href":"https:\/\/api.w.org\/{rel}","templated":true}]}}