{"id":16111,"date":"2025-05-05T20:26:26","date_gmt":"2025-05-05T20:26:26","guid":{"rendered":"https:\/\/www.nordenlor.ro\/?post_type=product&#038;p=16111"},"modified":"2025-05-15T08:26:59","modified_gmt":"2025-05-15T08:26:59","slug":"boltar-gard-semmelrock-rivago","status":"publish","type":"product","link":"https:\/\/nordenlor.ro\/?product=boltar-gard-semmelrock-rivago","title":{"rendered":"Boltar gard Semmelrock Rivago"},"content":{"rendered":"","protected":false},"excerpt":{"rendered":"<p class=\"\" data-start=\"118\" data-end=\"439\"><strong data-start=\"118\" data-end=\"180\">Gardul Rivago \u2013 Simplitate \u0219i rafinament pentru orice stil<\/strong><br data-start=\"180\" data-end=\"183\" \/>Sistemul de gard Rivago se remarc\u0103 prin designul s\u0103u curat, cu linii drepte \u0219i margini netede, oferind un aspect elegant \u0219i versatil. Datorit\u0103 formei sale neutre, se potrive\u0219te perfect \u00een orice context arhitectural, oferind libertate complet\u0103 \u00een amenajare.<\/p>\n<p class=\"\" data-start=\"441\" data-end=\"630\">Elementele de construc\u021bie sunt realizate din beton prefabricat, cu finisaj neted, rezistente la ciclurile de \u00eenghe\u021b-dezghe\u021b. Acestea sunt proiectate pentru a fi u\u0219or de manipulat \u0219i montat.<\/p>\n<p class=\"\" data-start=\"632\" data-end=\"920\">Cu o construc\u021bie uniform\u0103 \u0219i col\u021buri precise, gardul Rivago se poate integra armonios at\u00e2t \u00een gr\u0103dini moderne, c\u00e2t \u0219i \u00een cele tradi\u021bionale. Poate fi combinat cu diverse tipuri de pavaje \u0219i solu\u021bii de peisagistic\u0103, adapt\u00e2ndu-se u\u0219or cerin\u021belor estetice \u0219i func\u021bionale ale oric\u0103rui proiect.<\/p>\n","protected":false},"featured_media":16239,"comment_status":"closed","ping_status":"closed","template":"","meta":[],"product_brand":[],"product_cat":[77],"product_tag":[],"class_list":{"0":"post-16111","1":"product","2":"type-product","3":"status-publish","4":"has-post-thumbnail","6":"product_cat-imprejmuiri","8":"first","9":"instock","10":"shipping-taxable","11":"product-type-simple"},"_links":{"self":[{"href":"https:\/\/nordenlor.ro\/index.php?rest_route=\/wp\/v2\/product\/16111","targetHints":{"allow":["GET"]}}],"collection":[{"href":"https:\/\/nordenlor.ro\/index.php?rest_route=\/wp\/v2\/product"}],"about":[{"href":"https:\/\/nordenlor.ro\/index.php?rest_route=\/wp\/v2\/types\/product"}],"replies":[{"embeddable":true,"href":"https:\/\/nordenlor.ro\/index.php?rest_route=%2Fwp%2Fv2%2Fcomments&post=16111"}],"version-history":[{"count":0,"href":"https:\/\/nordenlor.ro\/index.php?rest_route=\/wp\/v2\/product\/16111\/revisions"}],"wp:featuredmedia":[{"embeddable":true,"href":"https:\/\/nordenlor.ro\/index.php?rest_route=\/wp\/v2\/media\/16239"}],"wp:attachment":[{"href":"https:\/\/nordenlor.ro\/index.php?rest_route=%2Fwp%2Fv2%2Fmedia&parent=16111"}],"wp:term":[{"taxonomy":"product_brand","embeddable":true,"href":"https:\/\/nordenlor.ro\/index.php?rest_route=%2Fwp%2Fv2%2Fproduct_brand&post=16111"},{"taxonomy":"product_cat","embeddable":true,"href":"https:\/\/nordenlor.ro\/index.php?rest_route=%2Fwp%2Fv2%2Fproduct_cat&post=16111"},{"taxonomy":"product_tag","embeddable":true,"href":"https:\/\/nordenlor.ro\/index.php?rest_route=%2Fwp%2Fv2%2Fproduct_tag&post=16111"}],"curies":[{"name":"wp","href":"https:\/\/api.w.org\/{rel}","templated":true}]}}