{"id":16106,"date":"2025-05-05T20:26:26","date_gmt":"2025-05-05T20:26:26","guid":{"rendered":"https:\/\/www.nordenlor.ro\/?post_type=product&#038;p=16106"},"modified":"2025-05-19T10:13:19","modified_gmt":"2025-05-19T10:13:19","slug":"boltar-gard-gtb","status":"publish","type":"product","link":"https:\/\/nordenlor.ro\/?product=boltar-gard-gtb","title":{"rendered":"Boltar gard GTB"},"content":{"rendered":"","protected":false},"excerpt":{"rendered":"<p class=\"\" data-start=\"78\" data-end=\"160\"><strong data-start=\"78\" data-end=\"160\">Boltar din beton pentru gard \u2013 solu\u021bie durabil\u0103 \u0219i practic\u0103 pentru \u00eemprejmuiri<\/strong><\/p>\n<p class=\"\" data-start=\"162\" data-end=\"427\">Boltarul din beton pentru gard este un element prefabricat robust, ideal pentru realizarea zidurilor de \u00eemprejmuire durabile \u0219i stabile. Datorit\u0103 formei \u0219i structurii sale, permite o montare rapid\u0103 \u0219i eficient\u0103, reduc\u00e2nd semnificativ timpul de execu\u021bie al lucr\u0103rii.<\/p>\n<p class=\"\" data-start=\"429\" data-end=\"624\"><strong data-start=\"429\" data-end=\"453\">Domenii de utilizare<\/strong><br data-start=\"453\" data-end=\"456\" \/>Se utilizeaz\u0103 \u00een construc\u021bia gardurilor pentru propriet\u0103\u021bi reziden\u021biale, industriale, agricole sau comerciale, oferind at\u00e2t protec\u021bie, c\u00e2t \u0219i un aspect estetic uniform.<\/p>\n<p class=\"\" data-start=\"626\" data-end=\"953\"><strong data-start=\"626\" data-end=\"649\">Avantaje principale<\/strong><br data-start=\"649\" data-end=\"652\" \/>Boltarul este rezistent la condi\u021bii meteo extreme, nu necesit\u0103 \u00eentre\u021binere frecvent\u0103 \u0219i ofer\u0103 o bun\u0103 izolare fonic\u0103. Poate fi folosit at\u00e2t ca suport pentru umplutur\u0103, c\u00e2t \u0219i \u00een construc\u021bii decorative sau combinate cu alte materiale (lemn, metal, fier forjat) pentru un design personalizat al gardului.<\/p>\n","protected":false},"featured_media":16428,"comment_status":"closed","ping_status":"closed","template":"","meta":[],"product_brand":[],"product_cat":[77],"product_tag":[],"class_list":{"0":"post-16106","1":"product","2":"type-product","3":"status-publish","4":"has-post-thumbnail","6":"product_cat-imprejmuiri","8":"first","9":"instock","10":"shipping-taxable","11":"product-type-simple"},"_links":{"self":[{"href":"https:\/\/nordenlor.ro\/index.php?rest_route=\/wp\/v2\/product\/16106","targetHints":{"allow":["GET"]}}],"collection":[{"href":"https:\/\/nordenlor.ro\/index.php?rest_route=\/wp\/v2\/product"}],"about":[{"href":"https:\/\/nordenlor.ro\/index.php?rest_route=\/wp\/v2\/types\/product"}],"replies":[{"embeddable":true,"href":"https:\/\/nordenlor.ro\/index.php?rest_route=%2Fwp%2Fv2%2Fcomments&post=16106"}],"version-history":[{"count":0,"href":"https:\/\/nordenlor.ro\/index.php?rest_route=\/wp\/v2\/product\/16106\/revisions"}],"wp:featuredmedia":[{"embeddable":true,"href":"https:\/\/nordenlor.ro\/index.php?rest_route=\/wp\/v2\/media\/16428"}],"wp:attachment":[{"href":"https:\/\/nordenlor.ro\/index.php?rest_route=%2Fwp%2Fv2%2Fmedia&parent=16106"}],"wp:term":[{"taxonomy":"product_brand","embeddable":true,"href":"https:\/\/nordenlor.ro\/index.php?rest_route=%2Fwp%2Fv2%2Fproduct_brand&post=16106"},{"taxonomy":"product_cat","embeddable":true,"href":"https:\/\/nordenlor.ro\/index.php?rest_route=%2Fwp%2Fv2%2Fproduct_cat&post=16106"},{"taxonomy":"product_tag","embeddable":true,"href":"https:\/\/nordenlor.ro\/index.php?rest_route=%2Fwp%2Fv2%2Fproduct_tag&post=16106"}],"curies":[{"name":"wp","href":"https:\/\/api.w.org\/{rel}","templated":true}]}}