{"id":16072,"date":"2025-05-05T20:26:22","date_gmt":"2025-05-05T20:26:22","guid":{"rendered":"https:\/\/www.nordenlor.ro\/?post_type=product&#038;p=16072"},"modified":"2025-05-15T08:37:06","modified_gmt":"2025-05-15T08:37:06","slug":"plasa-gard-sudat-20m","status":"publish","type":"product","link":"https:\/\/nordenlor.ro\/?product=plasa-gard-sudat-20m","title":{"rendered":"Plasa gard sudat 20m"},"content":{"rendered":"","protected":false},"excerpt":{"rendered":"<p class=\"\" data-start=\"131\" data-end=\"444\"><strong data-start=\"131\" data-end=\"200\">Plas\u0103 zincat\u0103 \u2013 solu\u021bie practic\u0103 pentru \u00eemprejmuiri \u0219i delimit\u0103ri<\/strong><br data-start=\"200\" data-end=\"203\" \/>Plasa este fabricat\u0103 din s\u00e2rm\u0103 zincat\u0103 \u0219i este prev\u0103zut\u0103 cu ochiuri uniforme, oferind o solu\u021bie eficient\u0103 pentru \u00eemprejmuirea diverselor tipuri de terenuri, construc\u021bia de cu\u0219ti sau delimitarea spa\u021biilor din zone industriale \u0219i reziden\u021biale.<\/p>\n<p class=\"\" data-start=\"446\" data-end=\"673\">Se livreaz\u0103 sub form\u0103 de rol\u0103, cu o lungime de 20 de metri, fiind u\u0219or de transportat \u0219i montat. Instalarea se realizeaz\u0103 simplu, cu ajutorul st\u00e2lpilor de sus\u021binere \u0219i al clemelor de prindere, \u00een func\u021bie de configura\u021bia dorit\u0103.<\/p>\n","protected":false},"featured_media":16246,"comment_status":"closed","ping_status":"closed","template":"","meta":[],"product_brand":[],"product_cat":[77],"product_tag":[],"class_list":{"0":"post-16072","1":"product","2":"type-product","3":"status-publish","4":"has-post-thumbnail","6":"product_cat-imprejmuiri","8":"first","9":"instock","10":"shipping-taxable","11":"product-type-simple"},"_links":{"self":[{"href":"https:\/\/nordenlor.ro\/index.php?rest_route=\/wp\/v2\/product\/16072","targetHints":{"allow":["GET"]}}],"collection":[{"href":"https:\/\/nordenlor.ro\/index.php?rest_route=\/wp\/v2\/product"}],"about":[{"href":"https:\/\/nordenlor.ro\/index.php?rest_route=\/wp\/v2\/types\/product"}],"replies":[{"embeddable":true,"href":"https:\/\/nordenlor.ro\/index.php?rest_route=%2Fwp%2Fv2%2Fcomments&post=16072"}],"version-history":[{"count":0,"href":"https:\/\/nordenlor.ro\/index.php?rest_route=\/wp\/v2\/product\/16072\/revisions"}],"wp:featuredmedia":[{"embeddable":true,"href":"https:\/\/nordenlor.ro\/index.php?rest_route=\/wp\/v2\/media\/16246"}],"wp:attachment":[{"href":"https:\/\/nordenlor.ro\/index.php?rest_route=%2Fwp%2Fv2%2Fmedia&parent=16072"}],"wp:term":[{"taxonomy":"product_brand","embeddable":true,"href":"https:\/\/nordenlor.ro\/index.php?rest_route=%2Fwp%2Fv2%2Fproduct_brand&post=16072"},{"taxonomy":"product_cat","embeddable":true,"href":"https:\/\/nordenlor.ro\/index.php?rest_route=%2Fwp%2Fv2%2Fproduct_cat&post=16072"},{"taxonomy":"product_tag","embeddable":true,"href":"https:\/\/nordenlor.ro\/index.php?rest_route=%2Fwp%2Fv2%2Fproduct_tag&post=16072"}],"curies":[{"name":"wp","href":"https:\/\/api.w.org\/{rel}","templated":true}]}}