{"id":16065,"date":"2025-05-05T20:26:22","date_gmt":"2025-05-05T20:26:22","guid":{"rendered":"https:\/\/www.nordenlor.ro\/?post_type=product&#038;p=16065"},"modified":"2025-05-16T07:21:40","modified_gmt":"2025-05-16T07:21:40","slug":"boltari-de-beton-land","status":"publish","type":"product","link":"https:\/\/nordenlor.ro\/?product=boltari-de-beton-land","title":{"rendered":"Boltari de beton Land"},"content":{"rendered":"","protected":false},"excerpt":{"rendered":"<p class=\"\" data-start=\"103\" data-end=\"407\">Exploreaz\u0103 utilitatea \u0219i adaptabilitatea elementelor de cofraj \u0219i bol\u021bar din gama noastr\u0103, esen\u021biale pentru lucr\u0103rile din domeniul construc\u021biilor. Aceste componente ofer\u0103 o solu\u021bie practic\u0103 \u0219i eficient\u0103 pentru turnarea structurilor din beton, contribuind la ob\u021binerea unor rezultate durabile \u0219i sigure.<\/p>\n<p class=\"\" data-start=\"409\" data-end=\"649\">Bol\u021barii din beton sunt ideali pentru ridicarea zidurilor portante \u00een proiecte diverse \u2013 de la pivni\u021be, garaje \u0219i anexe agricole, p\u00e2n\u0103 la cl\u0103diri industriale. Se remarc\u0103 prin montaj rapid, rezisten\u021b\u0103 ridicat\u0103 \u0219i un timp redus de execu\u021bie.<\/p>\n<p class=\"\" data-start=\"651\" data-end=\"776\">Aceste produse asigur\u0103 o funda\u021bie uniform\u0103 \u0219i fiabil\u0103, indispensabil\u0103 \u00een realizarea construc\u021biilor solide \u0219i de lung\u0103 durat\u0103.<\/p>\n","protected":false},"featured_media":16269,"comment_status":"closed","ping_status":"closed","template":"","meta":[],"product_brand":[],"product_cat":[70],"product_tag":[],"class_list":{"0":"post-16065","1":"product","2":"type-product","3":"status-publish","4":"has-post-thumbnail","6":"product_cat-fundatii","8":"first","9":"instock","10":"shipping-taxable","11":"product-type-simple"},"_links":{"self":[{"href":"https:\/\/nordenlor.ro\/index.php?rest_route=\/wp\/v2\/product\/16065","targetHints":{"allow":["GET"]}}],"collection":[{"href":"https:\/\/nordenlor.ro\/index.php?rest_route=\/wp\/v2\/product"}],"about":[{"href":"https:\/\/nordenlor.ro\/index.php?rest_route=\/wp\/v2\/types\/product"}],"replies":[{"embeddable":true,"href":"https:\/\/nordenlor.ro\/index.php?rest_route=%2Fwp%2Fv2%2Fcomments&post=16065"}],"version-history":[{"count":0,"href":"https:\/\/nordenlor.ro\/index.php?rest_route=\/wp\/v2\/product\/16065\/revisions"}],"wp:featuredmedia":[{"embeddable":true,"href":"https:\/\/nordenlor.ro\/index.php?rest_route=\/wp\/v2\/media\/16269"}],"wp:attachment":[{"href":"https:\/\/nordenlor.ro\/index.php?rest_route=%2Fwp%2Fv2%2Fmedia&parent=16065"}],"wp:term":[{"taxonomy":"product_brand","embeddable":true,"href":"https:\/\/nordenlor.ro\/index.php?rest_route=%2Fwp%2Fv2%2Fproduct_brand&post=16065"},{"taxonomy":"product_cat","embeddable":true,"href":"https:\/\/nordenlor.ro\/index.php?rest_route=%2Fwp%2Fv2%2Fproduct_cat&post=16065"},{"taxonomy":"product_tag","embeddable":true,"href":"https:\/\/nordenlor.ro\/index.php?rest_route=%2Fwp%2Fv2%2Fproduct_tag&post=16065"}],"curies":[{"name":"wp","href":"https:\/\/api.w.org\/{rel}","templated":true}]}}