{"id":16061,"date":"2025-05-05T20:26:21","date_gmt":"2025-05-05T20:26:21","guid":{"rendered":"https:\/\/www.nordenlor.ro\/?post_type=product&#038;p=16061"},"modified":"2025-05-16T07:17:07","modified_gmt":"2025-05-16T07:17:07","slug":"posta","status":"publish","type":"product","link":"https:\/\/nordenlor.ro\/?product=posta","title":{"rendered":"Po\u0219t\u0103"},"content":{"rendered":"","protected":false},"excerpt":{"rendered":"<p class=\"\" data-start=\"80\" data-end=\"160\"><strong data-start=\"80\" data-end=\"160\">Post\u0103 din lemn \u2013 element solid pentru construc\u021bii \u0219i structuri de rezisten\u021b\u0103<\/strong><\/p>\n<p class=\"\" data-start=\"162\" data-end=\"784\">Posta este un material din lemn masiv, utilizat frecvent \u00een lucr\u0103ri de structur\u0103, construc\u021bia acoperi\u0219urilor, foi\u0219oarelor, teraselor, halelor \u0219i altor aplica\u021bii ce necesit\u0103 sus\u021binere solid\u0103. Disponibil\u0103 \u00een <strong data-start=\"368\" data-end=\"397\">variant\u0103 verde (neuscat\u0103)<\/strong> sau <strong data-start=\"402\" data-end=\"422\">uscat\u0103 \u00een camer\u0103<\/strong>, posta se livreaz\u0103 \u00een diverse dimensiuni, adaptabile cerin\u021belor fiec\u0103rui proiect. Realizat\u0103 din lemn de r\u0103\u0219inoase, aceasta ofer\u0103 rezisten\u021b\u0103 mecanic\u0103 bun\u0103, stabilitate \u0219i o prelucrare facil\u0103. Este potrivit\u0103 at\u00e2t pentru utiliz\u0103ri \u00een exterior, c\u00e2t \u0219i \u00een interior, mai ales atunci c\u00e2nd este tratat\u0103 sau protejat\u0103 corespunz\u0103tor \u00eempotriva umidit\u0103\u021bii \u0219i intemperiilor.<\/p>\n","protected":false},"featured_media":16203,"comment_status":"closed","ping_status":"closed","template":"","meta":[],"product_brand":[],"product_cat":[72],"product_tag":[],"class_list":{"0":"post-16061","1":"product","2":"type-product","3":"status-publish","4":"has-post-thumbnail","6":"product_cat-material-lemnos","8":"first","9":"instock","10":"shipping-taxable","11":"product-type-simple"},"_links":{"self":[{"href":"https:\/\/nordenlor.ro\/index.php?rest_route=\/wp\/v2\/product\/16061","targetHints":{"allow":["GET"]}}],"collection":[{"href":"https:\/\/nordenlor.ro\/index.php?rest_route=\/wp\/v2\/product"}],"about":[{"href":"https:\/\/nordenlor.ro\/index.php?rest_route=\/wp\/v2\/types\/product"}],"replies":[{"embeddable":true,"href":"https:\/\/nordenlor.ro\/index.php?rest_route=%2Fwp%2Fv2%2Fcomments&post=16061"}],"version-history":[{"count":0,"href":"https:\/\/nordenlor.ro\/index.php?rest_route=\/wp\/v2\/product\/16061\/revisions"}],"wp:featuredmedia":[{"embeddable":true,"href":"https:\/\/nordenlor.ro\/index.php?rest_route=\/wp\/v2\/media\/16203"}],"wp:attachment":[{"href":"https:\/\/nordenlor.ro\/index.php?rest_route=%2Fwp%2Fv2%2Fmedia&parent=16061"}],"wp:term":[{"taxonomy":"product_brand","embeddable":true,"href":"https:\/\/nordenlor.ro\/index.php?rest_route=%2Fwp%2Fv2%2Fproduct_brand&post=16061"},{"taxonomy":"product_cat","embeddable":true,"href":"https:\/\/nordenlor.ro\/index.php?rest_route=%2Fwp%2Fv2%2Fproduct_cat&post=16061"},{"taxonomy":"product_tag","embeddable":true,"href":"https:\/\/nordenlor.ro\/index.php?rest_route=%2Fwp%2Fv2%2Fproduct_tag&post=16061"}],"curies":[{"name":"wp","href":"https:\/\/api.w.org\/{rel}","templated":true}]}}