{"id":15783,"date":"2025-04-30T11:52:41","date_gmt":"2025-04-30T11:52:41","guid":{"rendered":"https:\/\/www.nordenlor.ro\/produs\/boltar-gard-leier-arhitektum-quartz\/"},"modified":"2025-05-05T21:10:39","modified_gmt":"2025-05-05T21:10:39","slug":"boltar-gard-leier-arhitektum-quartz-2","status":"publish","type":"product","link":"https:\/\/nordenlor.ro\/?product=boltar-gard-leier-arhitektum-quartz-2","title":{"rendered":"Boltar gard Leier Arhitektur Quartz"},"content":{"rendered":"","protected":false},"excerpt":{"rendered":"<p>\u00centr-o variant\u0103 clasic\u0103 sau modern\u0103, indiferent de preferin\u0163a pentru designul gardului sau al unui perete, elementele ARHITEKTUR pot \ufb01 utilizate pentru ob\u0163inerea unor structuri de efect \u00een curtea dumneavoastr\u0103. Rezisten\u021ba la \u00eenghe\u021b-dezghe\u021b precum \u0219i rezisten\u021ba la murd\u0103rie sunt caracteristici ce recomand\u0103 acest produs ca fiind pretabil pentru orice element de design pe care dori\u021bi s\u0103 \u00eel realiza\u021bi \u00een exteriorul locuin\u021bei. Notele abrazive ale suprafe\u021bei \u00eembin\u0103 armonios rigurozitatea blocurilor de beton cu elegan\u021ba structurilor reie\u0219ite. Datorit\u0103 materialului din care sunt fabricate, acestea vor fi u\u0219or de cur\u0103\u021bat chiar \u0219i cu aparatur\u0103 neprofesional\u0103.<\/p>\n","protected":false},"featured_media":16194,"comment_status":"closed","ping_status":"closed","template":"","meta":[],"product_brand":[],"product_cat":[77],"product_tag":[],"class_list":{"0":"post-15783","1":"product","2":"type-product","3":"status-publish","4":"has-post-thumbnail","6":"product_cat-imprejmuiri","8":"first","9":"instock","10":"shipping-taxable","11":"product-type-simple"},"_links":{"self":[{"href":"https:\/\/nordenlor.ro\/index.php?rest_route=\/wp\/v2\/product\/15783","targetHints":{"allow":["GET"]}}],"collection":[{"href":"https:\/\/nordenlor.ro\/index.php?rest_route=\/wp\/v2\/product"}],"about":[{"href":"https:\/\/nordenlor.ro\/index.php?rest_route=\/wp\/v2\/types\/product"}],"replies":[{"embeddable":true,"href":"https:\/\/nordenlor.ro\/index.php?rest_route=%2Fwp%2Fv2%2Fcomments&post=15783"}],"version-history":[{"count":0,"href":"https:\/\/nordenlor.ro\/index.php?rest_route=\/wp\/v2\/product\/15783\/revisions"}],"wp:featuredmedia":[{"embeddable":true,"href":"https:\/\/nordenlor.ro\/index.php?rest_route=\/wp\/v2\/media\/16194"}],"wp:attachment":[{"href":"https:\/\/nordenlor.ro\/index.php?rest_route=%2Fwp%2Fv2%2Fmedia&parent=15783"}],"wp:term":[{"taxonomy":"product_brand","embeddable":true,"href":"https:\/\/nordenlor.ro\/index.php?rest_route=%2Fwp%2Fv2%2Fproduct_brand&post=15783"},{"taxonomy":"product_cat","embeddable":true,"href":"https:\/\/nordenlor.ro\/index.php?rest_route=%2Fwp%2Fv2%2Fproduct_cat&post=15783"},{"taxonomy":"product_tag","embeddable":true,"href":"https:\/\/nordenlor.ro\/index.php?rest_route=%2Fwp%2Fv2%2Fproduct_tag&post=15783"}],"curies":[{"name":"wp","href":"https:\/\/api.w.org\/{rel}","templated":true}]}}