{"id":15742,"date":"2025-04-30T10:46:27","date_gmt":"2025-04-30T10:46:27","guid":{"rendered":"https:\/\/www.nordenlor.ro\/produs\/creaton-nomina\/"},"modified":"2025-05-26T08:13:05","modified_gmt":"2025-05-26T08:13:05","slug":"creaton-nomina-2","status":"publish","type":"product","link":"https:\/\/nordenlor.ro\/?product=creaton-nomina-2","title":{"rendered":"Creaton Nomina"},"content":{"rendered":"","protected":false},"excerpt":{"rendered":"<p>\u021aigl\u0103 ceramic\u0103 elegant\u0103 cu o form\u0103 tradi\u021bional\u0103 dar \u0219i cu un stil sofisticat<\/p>\n<p>Tigla NOMINA poate fi folosita pentru a crea un acoperis usor structurat si uniform. Datorit\u0103 formatului s\u0103u mare, este o solu\u021bie economic\u0103, care, \u00een combina\u021bie cu domeniul de reglare excep\u021bional de mare de 60 mm, permite o utilizare extrem de flexibil\u0103.<\/p>\n<p>Caracteristicile produsului<br \/>\nO alegere rezonabil\u0103: \u021bigl\u0103 ceramic\u0103 presat\u0103 de format mare<br \/>\nInterconectarea \u00eentre \u021bigle atent proiectat\u0103 pentru a \u021bine apa afar\u0103<br \/>\nEste produs\u0103 \u00eempreun\u0103 cu o gam\u0103 extins\u0103 de accesorii ceramice \u0219i componente necesare execut\u0103rii \u00eentregului acoperi\u0219 premium CREATON<br \/>\nPerfect pentru acoperi\u0219uri noi sau renov\u0103ri cu pant\u0103 de p\u00e2n\u0103 la 10\u00b0<br \/>\nPasul de montaj cu cea mai mare distant\u0103 de suprapunere, maxim 60 mm<br \/>\nGaran\u021bia de 50 de ani, dovad\u0103 incontestabil\u0103 a \u00eencrederii \u00een produsele CREATON<br \/>\nMateriale naturale n\u0103scute din respect fa\u021b\u0103 de mediul \u00eenconjur\u0103tor<br \/>\nDisponibile \u00een 4 culori folosind angobe pur naturale care prelungesc durata de via\u021b\u0103 a tiglei<\/p>\n<p><strong>GAMA DE CULORI<\/strong><\/p>\n<p>Rosu angoba<br \/>\n<img decoding=\"async\" src=\"https:\/\/www.creaton.ro\/_Resources\/Persistent\/6\/6\/1\/9\/6619ad95ac1a7e6f4cae6c7eb780b20e17e7659f\/TEX_FOT_NOM_101_brick_red-550x320.jpg\" alt=\"NUANCE ro\u015fu angoba\" width=\"201\" height=\"117\" \/><\/p>\n<p>Rosu cupru angoba<br \/>\n<img decoding=\"async\" src=\"https:\/\/www.creaton.ro\/_Resources\/Persistent\/d\/4\/f\/9\/d4f9b550187645d04e2544c22dc963fa1b4fc94b\/TEX_FOT_NOM_102_copper-550x320.jpg\" alt=\"NUANCE ro\u0219u cupru angoba\" width=\"201\" height=\"117\" \/><\/p>\n<p>Maro inchis angoba<br \/>\n<img decoding=\"async\" src=\"https:\/\/www.creaton.ro\/_Resources\/Persistent\/3\/9\/4\/0\/394005082657a81b9d61a98524bc1147e4623b8f\/TEX_FOT_NOM_104_darkbrown-550x320.jpg\" alt=\"NUANCE maro \u00eenchis angoba\" width=\"201\" height=\"117\" \/><\/p>\n<p>Ardezie angoba<br \/>\n<img loading=\"lazy\" decoding=\"async\" src=\"https:\/\/www.creaton.ro\/_Resources\/Persistent\/4\/2\/2\/7\/422799352fce2004f3395a3a636e292d93e4bb39\/TEX_FOT_NOM_105_slategrey-550x320.jpg\" alt=\"NUANCE ardezie angoba\" width=\"201\" height=\"117\" \/><\/p>\n<p>Negru angoba<br \/>\n<img loading=\"lazy\" decoding=\"async\" src=\"https:\/\/www.creaton.ro\/_Resources\/Persistent\/d\/d\/8\/4\/dd8435ebe6e00f7f880128b88f4075d5d7b82965\/TEX_FOT_NOM_107_black_EXT-550x320.jpg\" alt=\"NUANCE negru angoba\" width=\"201\" height=\"117\" \/><\/p>\n<p>Negru mat angoba<br \/>\n<img loading=\"lazy\" decoding=\"async\" class=\"\" src=\"https:\/\/www.creaton.ro\/_Resources\/Persistent\/0\/f\/1\/3\/0f13fab8f20374cffa1afbc1fd4fcf30b992d94d\/TEX_FOT_NOM_106_black-550x320.jpg\" alt=\"NUANCE negru mat angoba\" width=\"201\" height=\"117\" \/><\/p>\n","protected":false},"featured_media":15717,"comment_status":"closed","ping_status":"closed","template":"","meta":[],"product_brand":[80],"product_cat":[74],"product_tag":[],"class_list":{"0":"post-15742","1":"product","2":"type-product","3":"status-publish","4":"has-post-thumbnail","6":"product_brand-creaton","7":"product_cat-invelitori-ceramice","9":"first","10":"instock","11":"shipping-taxable","12":"product-type-simple"},"_links":{"self":[{"href":"https:\/\/nordenlor.ro\/index.php?rest_route=\/wp\/v2\/product\/15742","targetHints":{"allow":["GET"]}}],"collection":[{"href":"https:\/\/nordenlor.ro\/index.php?rest_route=\/wp\/v2\/product"}],"about":[{"href":"https:\/\/nordenlor.ro\/index.php?rest_route=\/wp\/v2\/types\/product"}],"replies":[{"embeddable":true,"href":"https:\/\/nordenlor.ro\/index.php?rest_route=%2Fwp%2Fv2%2Fcomments&post=15742"}],"version-history":[{"count":0,"href":"https:\/\/nordenlor.ro\/index.php?rest_route=\/wp\/v2\/product\/15742\/revisions"}],"wp:featuredmedia":[{"embeddable":true,"href":"https:\/\/nordenlor.ro\/index.php?rest_route=\/wp\/v2\/media\/15717"}],"wp:attachment":[{"href":"https:\/\/nordenlor.ro\/index.php?rest_route=%2Fwp%2Fv2%2Fmedia&parent=15742"}],"wp:term":[{"taxonomy":"product_brand","embeddable":true,"href":"https:\/\/nordenlor.ro\/index.php?rest_route=%2Fwp%2Fv2%2Fproduct_brand&post=15742"},{"taxonomy":"product_cat","embeddable":true,"href":"https:\/\/nordenlor.ro\/index.php?rest_route=%2Fwp%2Fv2%2Fproduct_cat&post=15742"},{"taxonomy":"product_tag","embeddable":true,"href":"https:\/\/nordenlor.ro\/index.php?rest_route=%2Fwp%2Fv2%2Fproduct_tag&post=15742"}],"curies":[{"name":"wp","href":"https:\/\/api.w.org\/{rel}","templated":true}]}}